{"id":30,"date":"2018-08-16T10:00:44","date_gmt":"2018-08-16T10:00:44","guid":{"rendered":"https:\/\/rutland-ridgeback.de\/?page_id=30"},"modified":"2024-07-22T08:24:04","modified_gmt":"2024-07-22T08:24:04","slug":"ray","status":"publish","type":"page","link":"https:\/\/rutland-ridgeback.de\/?page_id=30","title":{"rendered":"Ray"},"content":{"rendered":"<div class=\"wpb-content-wrapper\"><p>[vc_row row_type=&#8220;row&#8220; use_row_as_full_screen_section=&#8220;no&#8220; type=&#8220;full_width&#8220; text_align=&#8220;left&#8220; video=&#8220;&#8220; css_animation=&#8220;&#8220; box_shadow_on_row=&#8220;no&#8220;][vc_column][vc_empty_space height=&#8220;40&#8243; image_repeat=&#8220;no-repeat&#8220;][\/vc_column][\/vc_row][vc_row row_type=&#8220;row&#8220; use_row_as_full_screen_section=&#8220;no&#8220; type=&#8220;full_width&#8220; text_align=&#8220;left&#8220; video=&#8220;&#8220; css_animation=&#8220;&#8220; box_shadow_on_row=&#8220;no&#8220;][vc_column][vc_column_text]Ray ist unser j\u00fcngster Spross. Er wurde am 06.12.2017 geboren und ist ein wahres Energieb\u00fcndel.<br \/>\nSeine Fellfarbe ist red wheaten und er besitzt einen korrekten, sch\u00f6nen Ridge.<\/p>\n<p>Milow hat mit ihm einen tollen Kumpel bekommen und zusammen sind sie ein harmonisches Duo.<\/p>\n<p>Ihn zeichnet seine ausgepr\u00e4gte soziale Intelligenz aus. Er ist ein Spiegel der eigenen Gef\u00fchlswelt und sp\u00fcrt Schwingungen bevor sie einem selbst bewusst werden.<\/p>\n<p>Ohne sein Rudel geht nichts und er ist permanent darauf bedacht, dass alle zusammen sind &#8211; wir k\u00f6nnen uns keinen besseren Familienhund vorstellen!<\/p>\n<p>&nbsp;<\/p>\n<p><strong>Am 30.08.2020 hat Ray seine Zuchtzulassung mit Bravour bestanden!!!<\/strong><\/p>\n<p>&nbsp;<\/p>\n<p><img loading=\"lazy\" decoding=\"async\" class=\"rg_ic rg_i alignnone\" src=\"https:\/\/encrypted-tbn0.gstatic.com\/images?q=tbn:ANd9GcQaSUsT65RksLIIvnVQ1xHPs1S-xrid5V2rArgnL8IYo1AdxhPIAQ\" alt=\"Bildergebnis f\u00fcr smiley\" width=\"76\" height=\"76\" data-src=\"https:\/\/encrypted-tbn0.gstatic.com\/images?q=tbn:ANd9GcQaSUsT65RksLIIvnVQ1xHPs1S-xrid5V2rArgnL8IYo1AdxhPIAQ\" \/><\/p>\n<p>Seine Highlights auf dem Weg dortin waren seine Ausstellungen. Die letzten Ausstellungen hat er alle gewonnen.<\/p>\n<p>So gab 2x ein <strong>V1<\/strong> in der Zwischenklasse <a class=\"rg_l\" href=\"https:\/\/www.google.de\/imgres?imgurl=https%3A%2F%2Fimages.emojiterra.com%2Fgoogle%2Fandroid-oreo%2F512px%2F1f947.png&amp;imgrefurl=https%3A%2F%2Femojiterra.com%2Fde%2Fmedaille-1-platz%2F&amp;docid=o-nfRA5o4XSSsM&amp;tbnid=4svw2ptJbxjnQM%3A&amp;vet=10ahUKEwjfuqXUsOnjAhXhoIsKHfG9BIgQMwikAigtMC0..i&amp;w=512&amp;h=512&amp;bih=1483&amp;biw=2844&amp;q=1.%20platz%20medaille&amp;ved=0ahUKEwjfuqXUsOnjAhXhoIsKHfG9BIgQMwikAigtMC0&amp;iact=mrc&amp;uact=8\" rel=\"noopener\"><img loading=\"lazy\" decoding=\"async\" class=\"rg_ic rg_i\" src=\"https:\/\/encrypted-tbn0.gstatic.com\/images?q=tbn:ANd9GcQ7uRExMKhKxl1CF8VFsGs31UCqEYWIes-3rhDbeaXJPpE5vlfq8Q\" alt=\"Bildergebnis f\u00fcr 1. platz medaille\" width=\"29\" height=\"29\" data-src=\"https:\/\/encrypted-tbn0.gstatic.com\/images?q=tbn:ANd9GcQ7uRExMKhKxl1CF8VFsGs31UCqEYWIes-3rhDbeaXJPpE5vlfq8Q\" data-iml=\"1564927375913\" \/>.<\/a><\/p>\n<p><strong>2x Res. Anwartschaft Deutscher Champion VDH und 2x Res. Anwartschaft CAC (RRCD).<\/strong><\/p>\n<p>&nbsp;<\/p>\n<p>Nach seinem fr\u00fcheren <strong>VV 1. Platz (Bester J\u00fcngster)<\/strong>, hat er am 05.10.2019\u00a0 auf der &#8222;Internationalen Rassehundeausstellung&#8220; in Rostock wieder ein\u00a0<strong>V1 (1\/5) sowie die Anwartschaft Deutscher Champion VDH <\/strong>geschafft!<\/p>\n<p>&nbsp;<\/p>\n<p>[\/vc_column_text][vc_single_image image=&#8220;1012&#8243; img_size=&#8220;full&#8220; style=&#8220;vc_box_border&#8220; css=&#8220;&#8220; eltd_css_animation=&#8220;&#8220;][vc_empty_space height=&#8220;40&#8243; image_repeat=&#8220;no-repeat&#8220;][vc_single_image image=&#8220;1013&#8243; img_size=&#8220;full&#8220; style=&#8220;vc_box_border&#8220; css=&#8220;&#8220; eltd_css_animation=&#8220;&#8220;][vc_empty_space height=&#8220;40&#8243; image_repeat=&#8220;no-repeat&#8220;][vc_single_image image=&#8220;920&#8243; img_size=&#8220;full&#8220; style=&#8220;vc_box_border&#8220; css=&#8220;&#8220; eltd_css_animation=&#8220;&#8220;][vc_empty_space height=&#8220;40&#8243; image_repeat=&#8220;no-repeat&#8220;][vc_column_text]Pedigree[\/vc_column_text][vc_single_image image=&#8220;852&#8243; img_size=&#8220;full&#8220; style=&#8220;vc_box_border&#8220; eltd_css_animation=&#8220;&#8220;][\/vc_column][\/vc_row][vc_row row_type=&#8220;row&#8220; use_row_as_full_screen_section=&#8220;no&#8220; type=&#8220;full_width&#8220; text_align=&#8220;left&#8220; video=&#8220;&#8220; css_animation=&#8220;&#8220; box_shadow_on_row=&#8220;no&#8220;][vc_column][vc_empty_space height=&#8220;40&#8243; image_repeat=&#8220;no-repeat&#8220;][\/vc_column][\/vc_row][vc_row row_type=&#8220;row&#8220; use_row_as_full_screen_section=&#8220;no&#8220; type=&#8220;full_width&#8220; text_align=&#8220;left&#8220; video=&#8220;&#8220; css_animation=&#8220;&#8220; box_shadow_on_row=&#8220;no&#8220;][vc_column][\/vc_column][\/vc_row][vc_row row_type=&#8220;row&#8220; use_row_as_full_screen_section=&#8220;yes&#8220; type=&#8220;full_width&#8220; text_align=&#8220;left&#8220; video=&#8220;&#8220; css_animation=&#8220;&#8220; box_shadow_on_row=&#8220;no&#8220;][vc_column width=&#8220;1\/2&#8243;][vc_single_image image=&#8220;921&#8243; img_size=&#8220;large&#8220; style=&#8220;vc_box_shadow_3d&#8220; onclick=&#8220;link_image&#8220; eltd_css_animation=&#8220;&#8220;][vc_single_image image=&#8220;832&#8243; img_size=&#8220;large&#8220; style=&#8220;vc_box_shadow_3d&#8220; onclick=&#8220;link_image&#8220; eltd_css_animation=&#8220;&#8220;][\/vc_column][vc_column width=&#8220;1\/2&#8243;][vc_gallery type=&#8220;flexslider_slide&#8220; interval=&#8220;3&#8243; images=&#8220;919,463,479,504,750,760,874,872,868,918,464&#8243; img_size=&#8220;large&#8220; css_animation=&#8220;none&#8220; el_class=&#8220;`{`wp3d-slider`}`&#8220;][\/vc_column][\/vc_row][vc_row row_type=&#8220;row&#8220; use_row_as_full_screen_section=&#8220;yes&#8220; type=&#8220;full_width&#8220; text_align=&#8220;left&#8220; video=&#8220;&#8220; css_animation=&#8220;&#8220; box_shadow_on_row=&#8220;no&#8220;][vc_column width=&#8220;1\/2&#8243;][vc_empty_space height=&#8220;40&#8243; image_repeat=&#8220;no-repeat&#8220;][vc_column_text]<\/p>\n<h2>Welpen von Ray<\/h2>\n<p>[\/vc_column_text][vc_empty_space height=&#8220;40&#8243; image_repeat=&#8220;no-repeat&#8220;][vc_gallery type=&#8220;flexslider_slide&#8220; interval=&#8220;3&#8243; images=&#8220;995,994,993,992,991,990&#8243; img_size=&#8220;large&#8220; css_animation=&#8220;none&#8220; el_class=&#8220;`{`wp3d-slider`}`&#8220;][\/vc_column][\/vc_row][vc_row row_type=&#8220;row&#8220; use_row_as_full_screen_section=&#8220;no&#8220; type=&#8220;full_width&#8220; text_align=&#8220;left&#8220; video=&#8220;&#8220; css_animation=&#8220;&#8220; box_shadow_on_row=&#8220;no&#8220;][vc_column][vc_empty_space height=&#8220;40&#8243; image_repeat=&#8220;no-repeat&#8220;][vc_column_text]Rays Wurftag: 06.12.2017<br \/>\nZuchtbuchnummer: VDH 17\/10913465<\/p>\n<p>Rutland Sugar Ray of Hope from Mistery Castle<\/p>\n<p>Farbe: red wheaten<br \/>\nGewicht: 50 kg<br \/>\nGr\u00f6\u00dfe: 68,5 cm<br \/>\nHD: A1<br \/>\nED\/OCD: frei<br \/>\nJME: frei<br \/>\nH\u00e4m B: frei<br \/>\nDM: frei<br \/>\nD-Lokus: D\/D<br \/>\nRidge-Gen: R\/r\u00a0 (Laboranalyse)<\/p>\n<p>Mikrosatellitenanalyse ISAG2006<br \/>\n<img loading=\"lazy\" decoding=\"async\" class=\"alignnone size-medium wp-image-946\" src=\"https:\/\/rutland-ridgeback.de\/wp-content\/uploads\/2021\/03\/IMG_0243-480x432.jpg\" alt=\"\" width=\"480\" height=\"432\" srcset=\"https:\/\/rutland-ridgeback.de\/wp-content\/uploads\/2021\/03\/IMG_0243-480x432.jpg 480w, https:\/\/rutland-ridgeback.de\/wp-content\/uploads\/2021\/03\/IMG_0243-640x575.jpg 640w, https:\/\/rutland-ridgeback.de\/wp-content\/uploads\/2021\/03\/IMG_0243-150x135.jpg 150w, https:\/\/rutland-ridgeback.de\/wp-content\/uploads\/2021\/03\/IMG_0243-768x690.jpg 768w, https:\/\/rutland-ridgeback.de\/wp-content\/uploads\/2021\/03\/IMG_0243-1536x1381.jpg 1536w, https:\/\/rutland-ridgeback.de\/wp-content\/uploads\/2021\/03\/IMG_0243-2048x1841.jpg 2048w, https:\/\/rutland-ridgeback.de\/wp-content\/uploads\/2021\/03\/IMG_0243-700x629.jpg 700w\" sizes=\"auto, (max-width: 480px) 100vw, 480px\" \/><\/p>\n<p>Nasenspiegel: Schwarz<br \/>\nAugenfarbe: Braun<\/p>\n<p>Z\u00fcchter: Stefan R\u00fcdell<br \/>\n<a href=\"http:\/\/www.mistery-castle.de\">www.mistery-castle.de<\/a>[\/vc_column_text][vc_empty_space image_repeat=&#8220;no-repeat&#8220;][\/vc_column][\/vc_row][vc_row row_type=&#8220;row&#8220; use_row_as_full_screen_section=&#8220;yes&#8220; type=&#8220;full_width&#8220; text_align=&#8220;left&#8220; video=&#8220;&#8220; css_animation=&#8220;&#8220; box_shadow_on_row=&#8220;no&#8220;][vc_column width=&#8220;1\/2&#8243;][vc_single_image image=&#8220;871&#8243; img_size=&#8220;large&#8220; style=&#8220;vc_box_shadow_3d&#8220; eltd_css_animation=&#8220;&#8220;][\/vc_column][vc_column width=&#8220;1\/2&#8243;][vc_column_text]<\/p>\n<h2>Ray als Welpe<\/h2>\n<p>[\/vc_column_text][vc_gallery type=&#8220;flexslider_slide&#8220; interval=&#8220;3&#8243; images=&#8220;50,51,302,300,299,301,676&#8243; img_size=&#8220;large&#8220;][\/vc_column][\/vc_row][vc_row row_type=&#8220;row&#8220; use_row_as_full_screen_section=&#8220;no&#8220; type=&#8220;full_width&#8220; text_align=&#8220;left&#8220; video=&#8220;&#8220; css_animation=&#8220;&#8220; box_shadow_on_row=&#8220;no&#8220;][vc_column][vc_column_text]<\/p>\n<p style=\"text-align: right;\">Wir sind Mitglied im<\/p>\n<p>[\/vc_column_text][\/vc_column][\/vc_row][vc_row row_type=&#8220;row&#8220; use_row_as_full_screen_section=&#8220;no&#8220; type=&#8220;full_width&#8220; text_align=&#8220;left&#8220; video=&#8220;&#8220; css_animation=&#8220;&#8220; box_shadow_on_row=&#8220;no&#8220;][vc_column][vc_empty_space image_repeat=&#8220;no-repeat&#8220;][vc_single_image image=&#8220;275&#8243; img_size=&#8220;40&#215;40&#8243; alignment=&#8220;right&#8220; onclick=&#8220;custom_link&#8220; eltd_css_animation=&#8220;&#8220; link=&#8220;http:\/\/dzrr.de&#8220;][vc_single_image image=&#8220;273&#8243; img_size=&#8220;40&#215;40&#8243; alignment=&#8220;right&#8220; onclick=&#8220;custom_link&#8220; eltd_css_animation=&#8220;&#8220; link=&#8220;http:\/\/www.fci.be\/de\/&#8220;][vc_single_image image=&#8220;274&#8243; img_size=&#8220;40&#215;40&#8243; alignment=&#8220;right&#8220; onclick=&#8220;custom_link&#8220; eltd_css_animation=&#8220;&#8220; link=&#8220;https:\/\/www.vdh.de\/home\/&#8220;]<span class=\"eltd_icon_shade eltd_icon_shortcode font_elegant square eltd_small_iconpull-right back_to_top_icon \"  style=\"border-width: 1px; border-style:solid;\"><span aria-hidden=\"true\" class=\"eltd_icon_font_elegant arrow_carrot-2up \" style=\"color: #ffffff; \" ><\/span><\/span>[\/vc_column][\/vc_row][vc_row row_type=&#8220;row&#8220; use_row_as_full_screen_section=&#8220;no&#8220; type=&#8220;full_width&#8220; text_align=&#8220;left&#8220; video=&#8220;&#8220; css_animation=&#8220;&#8220; box_shadow_on_row=&#8220;no&#8220;][vc_column][vc_column_text]All rghts reserved &#8211; Photos and design by Frank Ebert<br \/>\n\u00a9 2018 Rutland-Ridgeback[\/vc_column_text][\/vc_column][\/vc_row][vc_row row_type=&#8220;row&#8220; use_row_as_full_screen_section=&#8220;no&#8220; type=&#8220;full_width&#8220; text_align=&#8220;left&#8220; video=&#8220;&#8220; css_animation=&#8220;&#8220; box_shadow_on_row=&#8220;no&#8220;][vc_column][vc_raw_js]JTNDJTIxLS0lMjBHbG9iYWwlMjBzaXRlJTIwdGFnJTIwJTI4Z3RhZy5qcyUyOSUyMC0lMjBHb29nbGUlMjBBbmFseXRpY3MlMjAtLSUzRSUwQSUzQ3NjcmlwdCUyMGFzeW5jJTIwc3JjJTNEJTIyaHR0cHMlM0ElMkYlMkZ3d3cuZ29vZ2xldGFnbWFuYWdlci5jb20lMkZndGFnJTJGanMlM0ZpZCUzRFVBLTEyODc3MTE1NC0xJTIyJTNFJTNDJTJGc2NyaXB0JTNFJTBBJTNDc2NyaXB0JTNFJTBBJTIwJTIwd2luZG93LmRhdGFMYXllciUyMCUzRCUyMHdpbmRvdy5kYXRhTGF5ZXIlMjAlN0MlN0MlMjAlNUIlNUQlM0IlMEElMjAlMjBmdW5jdGlvbiUyMGd0YWclMjglMjklN0JkYXRhTGF5ZXIucHVzaCUyOGFyZ3VtZW50cyUyOSUzQiU3RCUwQSUyMCUyMGd0YWclMjglMjdqcyUyNyUyQyUyMG5ldyUyMERhdGUlMjglMjklMjklM0IlMEElMEElMjAlMjBndGFnJTI4JTI3Y29uZmlnJTI3JTJDJTIwJTI3VUEtMTI4NzcxMTU0LTElMjclMjklM0IlMEElM0MlMkZzY3JpcHQlM0UlMEE=[\/vc_raw_js][\/vc_column][\/vc_row]<\/p>\n<\/div>","protected":false},"excerpt":{"rendered":"<p>[vc_row row_type=&#8220;row&#8220; use_row_as_full_screen_section=&#8220;no&#8220; type=&#8220;full_width&#8220; text_align=&#8220;left&#8220; video=&#8220;&#8220; css_animation=&#8220;&#8220; box_shadow_on_row=&#8220;no&#8220;][vc_column][vc_empty_space height=&#8220;40&#8243; image_repeat=&#8220;no-repeat&#8220;][\/vc_column][\/vc_row][vc_row row_type=&#8220;row&#8220; use_row_as_full_screen_section=&#8220;no&#8220; type=&#8220;full_width&#8220; text_align=&#8220;left&#8220; video=&#8220;&#8220; css_animation=&#8220;&#8220; box_shadow_on_row=&#8220;no&#8220;][vc_column][vc_column_text]Ray ist unser j\u00fcngster Spross. Er wurde am 06.12.2017 geboren und ist ein wahres Energieb\u00fcndel. Seine Fellfarbe ist red wheaten und er besitzt einen korrekten, sch\u00f6nen Ridge. Milow hat&#8230;<\/p>\n","protected":false},"author":2,"featured_media":0,"parent":0,"menu_order":0,"comment_status":"closed","ping_status":"closed","template":"","meta":{"_monsterinsights_skip_tracking":false,"_monsterinsights_sitenote_active":false,"_monsterinsights_sitenote_note":"","_monsterinsights_sitenote_category":0,"footnotes":""},"class_list":["post-30","page","type-page","status-publish","hentry"],"_links":{"self":[{"href":"https:\/\/rutland-ridgeback.de\/index.php?rest_route=\/wp\/v2\/pages\/30","targetHints":{"allow":["GET"]}}],"collection":[{"href":"https:\/\/rutland-ridgeback.de\/index.php?rest_route=\/wp\/v2\/pages"}],"about":[{"href":"https:\/\/rutland-ridgeback.de\/index.php?rest_route=\/wp\/v2\/types\/page"}],"author":[{"embeddable":true,"href":"https:\/\/rutland-ridgeback.de\/index.php?rest_route=\/wp\/v2\/users\/2"}],"replies":[{"embeddable":true,"href":"https:\/\/rutland-ridgeback.de\/index.php?rest_route=%2Fwp%2Fv2%2Fcomments&post=30"}],"version-history":[{"count":87,"href":"https:\/\/rutland-ridgeback.de\/index.php?rest_route=\/wp\/v2\/pages\/30\/revisions"}],"predecessor-version":[{"id":1016,"href":"https:\/\/rutland-ridgeback.de\/index.php?rest_route=\/wp\/v2\/pages\/30\/revisions\/1016"}],"wp:attachment":[{"href":"https:\/\/rutland-ridgeback.de\/index.php?rest_route=%2Fwp%2Fv2%2Fmedia&parent=30"}],"curies":[{"name":"wp","href":"https:\/\/api.w.org\/{rel}","templated":true}]}}